se 2.
-101101000
3342 (base 10) to base 5
101332
537 (base 16) to base 2
10100110111
What is 2167 (base 12) in base 2?
111001011111
Convert -1075 (base 13) to base 5.
-33133
-2221 (base 13) to base 12
-2907
-4443 (base 7) to base 15
-719
-2317 (base 8) to base 13
-739
Convert 325 (base 9) to base 4.
10022
b22 (base 14) to base 12
1322
-4413 (base 6) to base 10
-1017
What is -588 (base 14) in base 9?
-1452
What is -6453 (base 7) in base 4?
-203310
-18656 (base 15) to base 3
-11000110000
17c3 (base 14) to base 11
3248
141177 (base 8) to base 2
1100001001111111
What is -4194 (base 13) in base 11?
-6903
-1acd (base 16) to base 15
-2076
What is -121 (base 16) in base 4?
-10201
5646 (base 7) to base 16
7fb
What is -2860 (base 11) in base 10?
-3696
Convert -202000010 (base 3) to base 5.
-431313
-d20b (base 14) to base 4
-20303223
2200 (base 5) to base 16
12c
What is -121a (base 15) in base 6?
-25454
What is -360 (base 11) in base 15?
-1d9
-114400 (base 5) to base 16
-10fe
Convert 650 (base 8) to base 14.
224
-691 (base 10) to base 14
-375
Convert -10110001011111 (base 2) to base 6.
-124331
Convert -12322 (base 5) to base 6.
-4242
-11701 (base 8) to base 10
-5057
What is 11300 (base 4) in base 2?
101110000
What is 2000201 (base 3) in base 13?
898
Convert -8893 (base 12) to base 8.
-35357
What is -221201 (base 3) in base 14?
-378
-11123 (base 5) to base 15
-378
Convert 1327 (base 9) to base 10.
997
What is 1200020 (base 3) in base 7?
3363
1156 (base 7) to base 3
121001
-5352 (base 7) to base 6
-12443
What is 745 (base 8) in base 14?
269
What is 21022110 (base 4) in base 12?
19870
Convert -314 (base 7) to base 15.
-a8
409c (base 16) to base 2
100000010011100
230 (base 9) to base 2
10111101
What is 51 (base 12) in base 14?
45
Convert 100001011111 (base 2) to base 9.
2841
What is -1102413 (base 5) in base 16?
-4aa4
4333 (base 5) to base 6
2425
2847 (base 11) to base 9
5040
-23020101 (base 4) to base 3
-2022112100
-91 (base 15) to base 7
-253
-2cb (base 16) to base 3
-222111
525 (base 12) to base 11
621
What is -822 (base 11) in base 3?
-1100202
Convert -26522 (base 11) to base 14.
-db4d
What is 1052 (base 11) in base 2?
10101101100
What is -111330 (base 7) in base 6?
-231143
14827 (base 9) to base 12
5a5a
-2323 (base 8) to base 12
-86b
Convert -1000001111001011 (base 2) to base 9.
-51247
-206 (base 15) to base 3
-121220
Convert -11328 (base 10) to base 2.
-10110001000000
What is 1435 (base 6) in base 13?
236
What is -7a6 (base 15) in base 7?
-5022
Convert -2332 (base 5) to base 13.
-204
-bdc (base 16) to base 15
-d76
Convert -3b16 (base 13) to base 9.
-12550
What is -3015 (base 11) in base 13?
-1a95
-230313 (base 6) to base 2
-100110001100101
What is 7696 (base 10) in base 15?
2431
Convert 5512 (base 13) to base 6.
130501
What is a7c (base 13) in base 3?
2110102
-18471 (base 10) to base 14
-6a35
What is 112300 (base 4) in base 6?
10424
-582 (base 11) to base 3
-221202
Convert -32431 (base 5) to base 13.
-1035
What is -6bc (base 13) in base 3?
-1121022
What is -622 (base 9) in base 5?
-4011
What is 1282 (base 12) in base 9?
2808
1a1a (base 16) to base 15
1ea7
Convert -53 (base 9) to base 5.
-143
Convert 349 (base 16) to base 13.
4c9
2b90a (base 12) to base 7
345064
-1111011 (base 3) to base 12
-764
Convert 3960 (base 12) to base 14.
2560
1100001 (base 2) to base 3
10121
Convert 1740 (base 10) to base 15.
7b0
6227 (base 9) to base 5
121221
-43447 (base 9) to base 10
-28798
What is -157003 (base 8) in base 11?
-39779
What is -aa (base 14) in base 12?
-106
Convert -1002 (base 3) to base 16.
-1d
Convert -320 (base 8) to base 14.
-10c
Convert 5423 (base 6) to base 11.
a27
What is 2022002 (base 3) in base 15?
76b
Convert 175 (base 11) to base 2.
11001011
What is -2460 (base 7) in base 9?
-1236
What is -2c4d (base 16) in base 12?
-6691
-1000101101 (base 2) to base 7
-1424
-132215 (base 7) to base 14
-907c
3745 (base 8) to base 3
2202212
224313 (base 5) to base 10
8083
What is -10100000100111 (base 2) in base 15?
-30a4
What is -193 (base 11) in base 9?
-267
Convert 521 (base 9) to base 15.
1d4
33 (base 15) to base 5
143
What is -1b6 (base 16) in base 2?
-110110110
What is -12c (base 16) in base 15?
-150
What is -20415 (base 6) in base 5?
-41442
-149 (base 14) to base 10
-261
2246 (base 7) to base 15
398
Convert 36b (base 13) to base 15.
29b
-1a376 (base 12) to base 15
-b643
-91 (base 16) to base 11
-122
434225 (base 6) to base 2
1000110001101001
What is 4858 (base 14) in base 8?
30516
What is -873 (base 10) in base 12?
-609
What is 73571 (base 8) in base 4?
13131321
What is b724 (base 14) in base 5?
2002323
-111111110110 (base 2) to base 16
-ff6
What is 273 (base 13) in base 10?
432
Convert 3335 (base 13) to base 10.
7142
-3230331 (base 4) to base 5
-441130
2001012 (base 3) to base 5
21430
Convert -116 (base 7) to base 10.
-62
What is -5f2 (base 16) in base 15?
-6b7
-3541 (base 12) to base 2
-1011101000001
What is 3685 (base 10) in base 12?
2171
What is 28c (base 13) in base 14?
246
Convert 434 (base 5) to base 7.
230
Convert -383 (base 13) to base 12.
-432
Convert -1737 (base 13) to base 6.
-23510
What is 3057 (base 9) in base 12?
1367
Convert 201022 (base 4) to base 9.
2817
What is 20280 (base 12) in base 3?
2010102020
What is -995 (base 13) in base 12?
-b4b
What is -303131 (base 4) in base 13?
-1664
What is 4411 (base 6) in base 8?
1767
-11000101110 (base 2) to base 3
-2011121
What is -1000000001 (base 2) in base 13?
-306
Convert 2213 (base 6) to base 2.
1000000001
What is -53 (base 16) in base 6?
-215
539 (base 12) to base 14
3c9
-1cf (base 16) to base 2
-111001111
1aa (base 14) to base 9
424
Convert 22021222 (base 3) to base 8.
13637
103403 (base 7) to base 16
4673
38866 (base 10) to base 16
97d2
What is 2757 (base 10) in base 4?
223011
Convert 30200322 (base 4) to base 11.
35569
Convert 36a5 (base 11) to base 7.
20044
What is 337 (base 14) in base 15?
2c7
Convert -2020 (base 5) to base 14.
-148
Convert 12f3 (base 16) to base 8.
11363
Convert 87 (base 15) to base 12.
a7
-100022221 (base 3) to base 8
-15222
Convert -1000011 (base 2) to base 9.
-74
Convert -52 (base 11) to base 13.
-45
Convert 1015 (base 14) to base 13.
1347
Convert -3286 (base 13) to base 14.
-27cb
What is -43335 (base 8) in base 11?
-126a2
40aa7 (base 11) to base 7
336416
4a08 (base 11) to base 7
25034
Convert 375 (base 12) to base 7.
1343
12143 (base 10) to base 3
121122202
Convert 14e (base 15) to base 11.
252
Convert -5131 (base 6) to base 8.
-2157
What is -11233 (base 4) in base 5?
-2432
What is -102110120 (base 3) in base 7?
-33240
11c3 (base 16) to base 4
1013003
Convert 1014 (base 5) to base 7.
251
28a2 (base 13) to base 11
4464
What is 11fc (base 16) in base 8?
10774
2431 (base 5) to base 6
1410
Convert -1d32 (base 14) to base 11.
-4011
What is -200201201 (base 3) in base 16?
-3556
32020 (base 5) to base 2
100001010111
What is -15bb (base 12) in base 7?
-10361
Convert 111222020 (base 3) to base 6.
115053
Convert 122021102 (base 3) to base 2.
11000100110001
-111111 (base 5) to base 3
-12100200
Convert 63521 (base 8) to base 9.
40247
What is 17659 (base 10) in base 16?
44fb
What is 3041 (base 9) in base 7?
6325
What is -311 (base 4) in base 2?
-110101
Convert -2022010 (base 4) to base 11.
-6703
Convert 11012021 (base 3) to base 10.
3058
-66a3 (base 12) to base 5
-330410
What is -1034 (base 7) in base 11?
-305
-94b1 (base 13) to base 3
-1001020201
What is c41 (base 14) in base 12?
1489
674 (base 8) to base 5
3234
Convert 1766 (base 8) to base 4.
33312
-20443 (base 8) to base 15
-27a8
-100 (base 16) to base 7
-514
What is -103130 (base 4) in base 15?
-57e
Convert 25201 (base 10) to base 8.
61161
Convert -1430414 (base 5) to base 6.
-351221
-272 (base 16) to base 3
-212012
What is 97b (base 13) in base 3?
2020010
Convert -100000 (base 2) to base 16.
-20
What is -212152 (base 8) in base 7?
-413206
What is 421506 (base 7) in base 11?
4a622
What is 478 (base 14) in base 2?
1101111010
Convert 2147b (base 12) to base 9.
66155
What is -3240 (base 5) in base 15?
-1ea
Convert -10112001 (base 3) to base 14.
-d14
What is -c69 (base 13) in base 15?
-960
Convert 10102202 (base 3) to base 8.
4710
23887 (base 10) to base 13
ab46
What is -3554 (base 11) in base 10?
-4657
-409 (base 15) to base 16
-3